git of 253178789?
3
What is the millions digit of 2310240440?
0
What is the ten thousands digit of 60297242?
9
What is the tens digit of 995416900?
0
What is the ten thousands digit of 94155801?
5
What is the tens digit of 985731869?
6
What is the units digit of 507108676?
6
What is the ten millions digit of 424550026?
2
What is the millions digit of 8965909?
8
What is the tens digit of 52872599?
9
What is the hundreds digit of 408310984?
9
What is the hundred millions digit of 4011980789?
0
What is the ten thousands digit of 615918693?
1
What is the hundreds digit of 1230334330?
3
What is the tens digit of 43830995?
9
What is the millions digit of 885478065?
5
What is the hundreds digit of 51739775?
7
What is the hundred thousands digit of 826325015?
3
What is the tens digit of 375830715?
1
What is the ten millions digit of 141503252?
4
What is the ten thousands digit of 909050690?
5
What is the hundred thousands digit of 155455571?
4
What is the ten thousands digit of 1233301958?
0
What is the hundred thousands digit of 203580497?
5
What is the ten thousands digit of 7681353598?
5
What is the tens digit of 1393531848?
4
What is the tens digit of 1786435298?
9
What is the units digit of 928399871?
1
What is the hundreds digit of 1460557429?
4
What is the units digit of 30648919?
9
What is the hundreds digit of 7041361?
3
What is the tens digit of 1285857589?
8
What is the units digit of 353757699?
9
What is the millions digit of 5332787?
5
What is the tens digit of 58468329?
2
What is the hundreds digit of 95667860?
8
What is the hundred millions digit of 529266282?
5
What is the tens digit of 3737224264?
6
What is the ten thousands digit of 1815303217?
0
What is the tens digit of 232291601?
0
What is the tens digit of 1531619114?
1
What is the billions digit of 2245898361?
2
What is the ten thousands digit of 347182513?
8
What is the hundred millions digit of 264895021?
2
What is the ten millions digit of 2043460815?
4
What is the millions digit of 660545610?
0
What is the ten thousands digit of 3188496475?
9
What is the hundreds digit of 361026386?
3
What is the units digit of 50366233?
3
What is the ten thousands digit of 152389757?
8
What is the hundred thousands digit of 890306723?
3
What is the tens digit of 268204926?
2
What is the ten millions digit of 97473966?
9
What is the hundreds digit of 1616846426?
4
What is the tens digit of 64719114?
1
What is the hundred thousands digit of 278090864?
0
What is the billions digit of 1797626430?
1
What is the hundreds digit of 286033074?
0
What is the hundred thousands digit of 44340735?
3
What is the ten millions digit of 214368774?
1
What is the ten millions digit of 204515809?
0
What is the thousands digit of 122820930?
0
What is the millions digit of 170083436?
0
What is the millions digit of 3488222332?
8
What is the hundred thousands digit of 573804031?
8
What is the ten thousands digit of 82796928?
9
What is the tens digit of 6308906782?
8
What is the tens digit of 43121484?
8
What is the ten thousands digit of 1531978443?
7
What is the hundreds digit of 1243456064?
0
What is the tens digit of 78098317?
1
What is the thousands digit of 97262870?
2
What is the ten thousands digit of 55733222?
3
What is the hundreds digit of 146368511?
5
What is the hundred millions digit of 225515450?
2
What is the hundred thousands digit of 1506519502?
5
What is the thousands digit of 721038239?
8
What is the hundred millions digit of 2111256709?
1
What is the hundred thousands digit of 11773551?
7
What is the thousands digit of 5966712?
6
What is the ten millions digit of 29553570?
2
What is the units digit of 24422528?
8
What is the hundred millions digit of 550737245?
5
What is the hundred thousands digit of 1083050583?
0
What is the ten thousands digit of 4445047975?
4
What is the ten thousands digit of 3509086706?
8
What is the hundred thousands digit of 11654035?
6
What is the hundred thousands digit of 57643408?
6
What is the thousands digit of 137770834?
0
What is the tens digit of 63880888?
8
What is the ten millions digit of 3433857781?
3
What is the tens digit of 217416575?
7
What is the ten millions digit of 41831155?
4
What is the hundred thousands digit of 2632960841?
9
What is the millions digit of 902395081?
2
What is the hundred thousands digit of 1195833309?
8
What is the ten millions digit of 32654065?
3
What is the ten thousands digit of 63150636?
5
What is the ten thousands digit of 25448197?
4
What is the hundred millions digit of 920694156?
9
What is the ten thousands digit of 2018310?
1
What is the hundreds digit of 53771534?
5
What is the billions digit of 2995866266?
2
What is the hundred thousands digit of 43733588?
7
What is the millions digit of 48923385?
8
What is the hundred thousands digit of 132957117?
9
What is the hundred thousands digit of 545468415?
4
What is the tens digit of 301449514?
1
What is the tens digit of 4980182?
8
What is the ten millions digit of 272572274?
7
What is the thousands digit of 132847112?
7
What is the ten millions digit of 3702506255?
0
What is the millions digit of 1540501522?
0
What is the tens digit of 1840646979?
7
What is the hundreds digit of 60451291?
2
What is the tens digit of 28572209?
0
What is the hundred millions digit of 342148642?
3
What is the units digit of 64311141?
1
What is the hundred thousands digit of 74049167?
0
What is the billions digit of 1446643052?
1
What is the units digit of 106531148?
8
What is the hundred thousands digit of 3165938919?
9
What is the ten millions digit of 113824221?
1
What is the hundred millions digit of 117990476?
1
What is the tens digit of 1386506109?
0
What is the ten thousands digit of 544431857?
3
What is the hundreds digit of 1250247472?
4
What is the hundreds digit of 310798334?
3
What is the ten millions digit of 402105337?
0
What is the hundred thousands digit of 239689124?
6
What is the thousands digit of 139982043?
2
What is the units digit of 385961508?
8
What is the hundred millions digit of 203115516?
2
What is the tens digit of 924468104?
0
What is the hundred millions digit of 1194470545?
1
What is the thousands digit of 29847527?
7
What is the tens digit of 872627810?
1
What is the ten thousands digit of 679676?
7
What is the hundred millions digit of 167593121?
1
What is the hundreds digit of 24538561?
5
What is the hundreds digit of 28565272?
2
What is the millions digit of 881317459?
1
What is the millions digit of 1871934029?
1
What is the tens digit of 9592086?
8
What is the billions digit of 2886667484?
2
What is the thousands digit of 260620178?
0
What is the tens digit of 8912506355?
5
What is the units digit of 168488636?
6
What is the tens digit of 2021969515?
1
What is the ten millions digit of 692141122?
9
What is the hundreds digit of 38560556?
5
What is the thousands digit of 17003306?
3
What is the ten millions digit of 348585278?
4
What is the ten millions digit of 97278433?
9
What is the hundreds digit of 1574615927?
9
What is the units digit of 195588252?
2
What is the hundreds digit of 2559480398?
3
What is the millions digit of 161541991?
1
What is the units digit of 347768364?
4
What is the units digit of 11024844?
4
What is the ten thousands digit of 11844171?
4
What is the hundred millions digit of 624266093?
6
What is the tens digit of 16427202?
0
What is the hundred thousands digit of 21038652?
0
What is the hundred thousands digit of 38157856?
1
What is the millions digit of 16217299?
6
What is the hundreds digit of 54796317?
3
What is the hundred thousands digit of 856251905?
2
What is the hundred thousands digit of 2407530459?
5
What is the ten millions digit of 205441284?
0
What is the ten thousands digit of 58391108?
9
What is the millions digit of 201193338?
1
What is the ten thousands digit of 4293056385?
5
What is the millions digit of 4839764465?
9
What is the units digit of 6557973084?
4
What is the thousands digit of 979098438?
8
What is the units digit of 29758175?
5
What is the tens digit of 520570265?
6
What is the ten millions digit of 412478037?
1
What is the tens digit of 1852270385?
8
What is the ten millions digit of 1336196449?
3
What is the thousands digit of 124981889?
1
What is the units digit of 1309118033?
3
What is the 